se -5*c = 4*f - 36, -27 + 3 = -o*c - 2*f. Suppose -c*u - u = -230. Calculate the remainder when u is divided by 16.
14
Suppose 2*p = -5*p + 182. Let j(k) = 2*k**2 + 1. Calculate the remainder when p is divided by j(-2).
8
Let n be ((-4)/(-6))/((-2)/(-45)). Let j = n - -7. Calculate the remainder when 42 is divided by j.
20
Suppose 5*h + 4*r + 40 = 0, -4*h = 4*r - r + 32. Suppose 28*l - 33*l + 115 = -2*t, -5*l + 100 = t. Calculate the remainder when l is divided by (0 + h/(-5))*5.
5
Let m(d) = -18*d - 22. Let i be m(-9). Suppose 5*w - 180 = -5*n, -2*w = -4*n + i - 2. Calculate the remainder when n is divided by 18.
17
Let q(s) = s**3 + 6*s**2 + 5. Let g be q(-6). Let k(r) = -r**3 + 5*r**2 + 3*r - 7. Calculate the remainder when k(g) is divided by 3.
2
Let s = 27 - -21. Calculate the remainder when s is divided by 17.
14
Let n(h) = -3 + 2*h - 10 - 8*h. What is the remainder when n(-10) is divided by 16?
15
Let j(d) = -4*d + 6. Suppose 6*o - 4*s = o - 25, -5*o - 5*s - 25 = 0. Let c = 21 - 12. What is the remainder when j(o) is divided by c?
8
Suppose 2 + 3 = b. Let t(y) = y**3 + 7*y**2 + 4*y - 8. Let r be t(-6). Suppose 0*a - 56 = -r*a. What is the remainder when a is divided by b?
4
Let o(b) be the third derivative of b**5/20 - b**4/4 + b**3 + b**2. What is the remainder when o(5) is divided by 27?
24
Suppose 3*f - 3 = g, -f + 4*g = -g + 13. What is the remainder when 17 is divided by 3 - (-2 - 2/f)?
5
Let j(n) = n**3 + 5*n**2 + 2*n + 2. Let g be j(-5). Let f(d) = -2*d - 9. Calculate the remainder when 24 is divided by f(g).
3
Suppose -7*w - 11 = -8*w. Calculate the remainder when 41 is divided by w.
8
What is the remainder when 28 is divided by 10/40 - 19/(-4)?
3
Let y = 16 - -2. Let o = 510 - 506. Calculate the remainder when y is divided by o.
2
Let z(a) = 3*a + 7. Let o = 13 + -22. Let u = o - -18. What is the remainder when z(6) is divided by u?
7
Let p = -478 + 485. Let x = 87 + -60. What is the remainder when x is divided by p?
6
Suppose -4*k + 66 + 134 = 0. Suppose -2*h + 126 = 2*f, 307 = 4*f + 2*h + 57. Suppose 16 + f = 3*b. What is the remainder when k is divided by b?
24
Suppose 0 = 4*h + h - 230. Let r(s) = -6*s**2 + s - 5. Let g(p) = -5*p**2 - 4. Let q(v) = -5*g(v) + 4*r(v). Calculate the remainder when h is divided by q(-6).
10
Let d = 6 + 0. Let w(q) = -q**2 + 6*q + 2. Let y be w(d). Suppose y*k + 0*k - 46 = 0. Calculate the remainder when k is divided by 8.
7
Suppose 3*u = -81 + 219. What is the remainder when u is divided by 12?
10
What is the remainder when 1*106/(-8)*-4 is divided by 18?
17
Suppose -2*h - 9 + 35 = 0. Suppose 0 = -3*t - 1 - 2. Let q(r) = -36*r**3 + 2*r**2 + r. Calculate the remainder when q(t) is divided by h.
11
Let h(k) = -k - 1. Let c be h(-4). Let f = 2 + c. Let m(v) = v + 2. Calculate the remainder when 12 is divided by m(f).
5
Suppose -5*k = -9*k + 44. Calculate the remainder when k is divided by 3.
2
Suppose m - 18 = -1. Suppose m = t + 4. Calculate the remainder when 25 is divided by t.
12
Suppose 0 = -4*v + 20, 5*v - 27 - 7 = -t. Calculate the remainder when t is divided by 6.
3
Suppose -3*b - 7 = -0*v - 5*v, 5 = 5*b. Let q be (1/v - 0)*-4. Let o = q - -9. What is the remainder when o is divided by 4?
3
Let y(w) = -w + 12. Let a be y(8). Suppose -a*d = -119 + 47. What is the remainder when d is divided by 10?
8
Let o = -45 - -234. What is the remainder when o is divided by 38?
37
Let w = -16 + 25. Let d(q) = q**3 - 8*q**2 - 8*q + 8. What is the remainder when d(w) is divided by 5?
2
Suppose 0 = -3*h + 112 + 11. What is the remainder when h is divided by 15?
11
Suppose 0 = 2*w + 3*w - 90. What is the remainder when 52 is divided by w?
16
Suppose -4*n = -5*b + b - 96, 2*n + 5*b = 13. What is the remainder when n is divided by 10?
9
Let m(i) = 21*i**3 - i**2 + 2*i. Calculate the remainder when 84 is divided by m(1).
18
Let p be (-2)/((1 + 0)/6). Let m = -8 - p. What is the remainder when (-1 - -2) + (4 - -1) is divided by m?
2
Suppose 0 = 7*w - 6*w - 27. Let u = 3 - -4. Calculate the remainder when w is divided by u.
6
Let r(y) = 6*y - 1. Let b be r(1). Suppose u - 21 = b*o + 7, 0 = -3*u + 2*o + 19. Calculate the remainder when 53 is divided by (1/u)/((-4)/(-168)).
11
Let l = -15 - -33. Let f(d) = -17*d. Calculate the remainder when f(-2) is divided by l.
16
Let t = -124 + 135. What is the remainder when 175 is divided by t?
10
Let q(v) = -5*v + 44. What is the remainder when q(6) is divided by 9?
5
Let l be 4/(-14) + 46/14. Suppose -3*x + 2 + 10 = 0, l*x - 17 = -w. Calculate the remainder when (-18)/4*(-3 + 1) is divided by w.
4
Let r(o) = -7*o - 70. Calculate the remainder when 41 is divided by r(-12).
13
Let f(o) = -3 + 0 - 5 + 3 - 2*o. Calculate the remainder when 26 is divided by f(-7).
8
Suppose -3*v = -3*c - 69, -2*c - 122 + 4 = -5*v. Calculate the remainder when 40 is divided by v.
16
Let o(f) = f**3 - 10*f**2 - f - 12. Suppose -4*a + 132 = -2*g, -2*g + 0*g = 2*a - 66. What is the remainder when o(11) is divided by a?
32
Let n = -185 + 263. Let z(b) = 5*b + 20. Calculate the remainder when n is divided by z(0).
18
Let x(n) = n**3 + 7*n**2 + 5*n + 6. Calculate the remainder when x(-5) is divided by -3 + 7 + (-14)/(-2).
9
Suppose 0 = d - 3 - 10. What is the remainder when 48 is divided by d?
9
Let c(j) = -275*j + 294*j + 22*j**2 - j**3 - 3 - 7*j**2. What is the remainder when c(16) is divided by 24?
21
Let u(x) = 2*x + 2. Let k = -81 - -139. Calculate the remainder when k is divided by u(9).
18
Let u = -8 + 17. Calculate the remainder when u is divided by 3.
0
What is the remainder when 2/7 + (-173)/(-7) is divided by 7?
4
Suppose 3*m + 2*m = 0. Calculate the remainder when 57 is divided by 2 - m - (-72)/4.
17
Let c(u) = 42*u**3 + 2*u**2 - 2*u. What is the remainder when c(1) is divided by 15?
12
Let i(s) = 3*s**2 - s + 2. What is the remainder when 35 is divided by i(2)?
11
Suppose -2*m = -4*m + 4. Let w be m/(-3) + 44/12. Calculate the remainder when 7 is divided by (w/9)/((-1)/(-9)).
1
Suppose -3*d + 5*o = -121, 0*o + 4*o - 12 = -d. What is the remainder when d is divided by 11?
10
Suppose -167 = -4*p - q, 5*p + 5*q = 2*p + 138. Let t be 16/6*9/6. Calculate the remainder when p is divided by ((-8)/10)/(t/(-70)).
13
Let x be (30/(-25))/(2/(-10)). Suppose 0*v + o = 2*v - 39, -4*o = v - x. What is the remainder when v is divided by 10?
8
Let j = 22 - 23. Let k = 21 + j. Suppose -5*b + 7 = 2*d - 18, 0 = -3*b + 5*d + 46. Calculate the remainder when k is divided by b.
6
Let b(t) = t**2 + 6*t - 6. Let u be b(-5). Let f = 18 + u. Let i = 31 - f. Calculate the remainder when i is divided by 13.
11
Let y = 2 + -5. Let v = 1 + y. Let i = 6 - v. What is the remainder when i is divided by 3?
2
What is the remainder when (2*36)/(7/(5 - -2)) is divided by 37?
35
Suppose 5*r = 35 + 55. Calculate the remainder when 51 is divided by r.
15
Suppose -4*w + 9 = -7. Suppose w*l - 144 = -8. Suppose -k - 9 = -2*k. Calculate the remainder when l is divided by k.
7
Suppose 3*s - 282 = -105. Calculate the remainder when s is divided by 16.
11
Suppose 4*z - 17 = -5*g + 11, -5*g = -20. Let o be (3 + -1)/(z/(-4)). Let b(u) = -4*u. What is the remainder when 31 is divided by b(o)?
15
Let b = 10 + -7. Suppose b*w - 16 = w. Let d(n) = 5*n - 9. What is the remainder when d(6) is divided by w?
5
Suppose -2*m = 3*m - 70. Let g = -10 + m. Calculate the remainder when 13 is divided by g.
1
Let s = 5 - -10. Let d(y) = 6 - 3*y**2 - y + 2*y**3 - 3 + 1. What is the remainder when d(3) is divided by s?
13
Suppose -2*x + 151 = -5. Calculate the remainder when x is divided by 21.
15
Suppose 2*t - 8 = -0*t. Let b be (-3)/(-12)*4 - 3. Let j = b + t. Calculate the remainder when 5 is divided by j.
1
Suppose -3*k + 6*k + 5*x + 21 = 0, -5*k - 1 = -3*x. Let v be ((-123)/(-6))/(k/(-4)). Let r = -24 + v. What is the remainder when 49 is divided by r?
15
Suppose -2*v + 13 + 11 = 0. Let l be (-18)/(-8) + (-3)/v. Suppose -b - 3*s = 0, 4*b + l*s - 40 = -0*s. Calculate the remainder when 23 is divided by b.
11
Suppose 4*r + 3*q = 11 + 50, -56 = -4*r - 4*q. Suppose -3*i = 2*p - r, -p = i + 2*i - 20. Calculate the remainder when 12 is divided by i.
5
Let f = -21 - -54. Suppose 4*p - f - 71 = -5*a, -2*a = -p - 52. What is the remainder when 71 is divi